 - 5*u + 2. Let m be r(3). What are the prime factors of 1 + -1 + (2 - m)?
2, 3
Let g = 76 - 35. List the prime factors of g.
41
Let h(y) = y**2 + 7*y - 2. Let b be h(-8). List the prime factors of 1/(-2) + 39/b.
2, 3
Let q be (-62)/(-2)*(-1 + 4). What are the prime factors of 8/12*q/2?
31
Suppose 2*y + 3*y = -3*k + 22, 0 = -4*y - 2*k + 16. Suppose -y*i + 5*p + 11 = -3*i, 3*i - 17 = -5*p. List the prime factors of i.
2, 7
What are the prime factors of (-5)/(-10)*(0 - -40)?
2, 5
Suppose g = -2*o - 9, 4*o - 4*g - 6 = 2*o. Let t(x) = -17*x - 3. Let h be t(o). Suppose 0 = -3*l - 4*a + 22 + 33, -3*a - h = -3*l. List the prime factors of l.
17
Let j(f) = -f**2 + 4*f - 1. Let k be j(3). Suppose -23 = -k*s + 17. What are the prime factors of s?
2, 5
Let p be -26 + 3/(0 + 3). Let k = p + 36. What are the prime factors of k?
11
List the prime factors of -1 - -9 - (-7 + 7).
2
Let n(p) = -4*p**2 + 5*p + 4 - 3*p**2 - 3 + 6*p**2. Let a be n(3). Suppose 3*i - 2*i - a = 0. List the prime factors of i.
7
Let c(d) = d**2 - 1. Suppose 5*u - 47 = 28. Suppose 0 = -q + 6*q - u. What are the prime factors of c(q)?
2
Suppose p - x = 63, 2*p - x - 295 = -3*p. What are the prime factors of p?
2, 29
Let t = -11 - -17. Suppose 5*h = 5*n - 95, 0 = -4*n + 2*h - 27 + 101. What are the prime factors of ((-16)/t)/((-4)/n)?
2, 3
Let l(j) = -j**2 + 3*j - 3. Let b be l(6). Let q be 2/7 + (-687)/b. Suppose -2*v + 5*v - q = 0. List the prime factors of v.
11
Suppose -3*m - p = -0*p - 5, -3*m - 2*p + 7 = 0. Let x be (m - (-81)/5)*5. Suppose 0 = 5*b + 4*o - x, 16 = -4*o + 8*o. List the prime factors of b.
2, 7
Let r(s) = 2*s**2. Let l = 6 + -5. Let n be r(l). Suppose 1 - 23 = -n*j. What are the prime factors of j?
11
Let p(i) = -i**2 - 4*i. Let h be p(-3). Suppose -4*b = -3*c, -3 = 3*b - 0*b - h*c. Suppose -2*n + 3 + 6 = k, -k = b. What are the prime factors of n?
2, 3
Let i(h) = h**2 + 15*h + 49. List the prime factors of i(-21).
5, 7
Suppose 10 - 4 = -u + 2*d, 0 = 3*u + 5*d + 40. Let z be (-4 + 1)/(3/(-24)). List the prime factors of z/u*(-35)/14.
2, 3
Let n = 188 + 35. What are the prime factors of n?
223
Suppose 7 = -2*s + 55. Suppose 0 = 2*q - 0*q - s. List the prime factors of q.
2, 3
Suppose 85 = 3*d + 2*d. What are the prime factors of d?
17
List the prime factors of ((-38)/2)/((-4)/(-8)*-2).
19
Suppose -5*m + 3*m = 2*c - 6, -2*m = -5*c + 15. Suppose m = -s - 2*s + 4*q + 30, s = -2*q. Let g = s - 3. What are the prime factors of g?
3
Let n(a) = 5*a - 6 + a - 5*a + 3*a. Let r = -4 - -9. What are the prime factors of n(r)?
2, 7
Suppose -w - 24 = -3*g - 4*w, 5*g + w = 20. Suppose 0*d - 18 = -3*d. Suppose -z + x = 3, -32 = -g*z - 4*x - d. List the prime factors of z.
2
Let b be 4/10 + 23/5. Suppose 5*i = 2*y - 0*y - 40, -b*i + 100 = 5*y. List the prime factors of y.
2, 5
Suppose 0 = r - 5*r + 8. Let f(b) = 0*b - b + r*b + 5*b**2. What are the prime factors of f(-1)?
2
Let y = 56 + -40. What are the prime factors of y?
2
Suppose 3*y - 11 = -2. Let x be ((-3)/5)/(y/(-15)). Suppose 0*o = -x*o + 27. What are the prime factors of o?
3
Let y be -2*(-6 + 0/2). Suppose 5*d = 83 + 77. Suppose 0 = 4*a - y - d. List the prime factors of a.
11
Let t = 3 + 2. Suppose 3*f = t*g - 89, 3*f + 64 - 7 = 3*g. What are the prime factors of g?
2
Let u = 55 + 276. List the prime factors of u.
331
Suppose -3*p + 12 = 0, -b + 5 = 2*p - 4. Let v = b + 1. List the prime factors of v/(-7) - 116/(-14).
2
Let i = 18 - 25. Let q = 9 + i. Suppose q*h - h - 16 = -3*d, 3*h - 8 = d. List the prime factors of d.
2
Suppose 0 = 3*n + 3 - 9. Suppose -2*l = n + 2. List the prime factors of 12 + 0 + l + 2.
2, 3
Let g = -112 + 307. Suppose -g = -4*d - 19. What are the prime factors of d?
2, 11
Let r be 1*(1 - -1)/(-2). Let n be 2/(r - (-3)/6). Let u = n - -16. List the prime factors of u.
2, 3
Suppose 4*c = -10 + 102. What are the prime factors of c?
23
Suppose 636 = 4*v - 4*m, 795 = 5*v + 6*m - 4*m. What are the prime factors of v?
3, 53
Let z be 10*2/8*2. Let a = -3 + z. What are the prime factors of (-6)/(-1) - a - 1?
3
Suppose 4*u - 206 + 58 = 0. List the prime factors of u.
37
What are the prime factors of (-3)/(3/2) - (-137 - 8)?
11, 13
Let b be 1/4 - 5/20. Let k(d) = d**2 + 2*d - 3. Let a be k(3). Suppose 2*m - a = -b*m. What are the prime factors of m?
2, 3
Let x be (2 + -4)/(2/(-7)). Suppose -x - 25 = -2*g. Let j = 26 - g. List the prime factors of j.
2, 5
What are the prime factors of (90/12)/(1/4)?
2, 3, 5
Suppose 279 = 19*r - 16*r. What are the prime factors of r?
3, 31
Let l be (-77)/(-35) - (-2)/(-10). Suppose -4*m + m + 6 = -3*q, -m + l*q = 0. What are the prime factors of m?
2
Let l(u) = -u**2 - 4*u. Let n be l(-3). Suppose -n*x + 10 = -x. Suppose 3*p - x - 10 = 0. List the prime factors of p.
5
Let r = 3 - 1. Let q(m) = 5*m**2 + 1 - 3*m**2 + 0 - 2*m. List the prime factors of q(r).
5
List the prime factors of ((-6)/(-1))/(-2) - -5.
2
Let t(h) = -6*h + 1 + 0*h**2 + 5*h + 3*h**2. Suppose -1 + 21 = 5*q, -5*f + 5*q - 10 = 0. List the prime factors of t(f).
11
Let v(a) = 2 + 2 - 2*a - 2 + 7*a. What are the prime factors of v(2)?
2, 3
Let n(p) = -2*p - 3. Let y be n(-4). Let m be y + -2 + 0 - 9. Let j = m + 12. What are the prime factors of j?
2, 3
List the prime factors of 278/6 - 6/(-9).
47
Suppose 2*w = -3*f + 14 - 3, 3*w = 2*f - 16. Suppose b = 0, 3*b + 300 = f*n - b. Suppose -3*p - 2*o = 2*p - n, o = 5. What are the prime factors of p?
2, 5
Suppose 0 = 3*i - 0*i - 282. Suppose 5*a - 3*m + 21 = i, 3*a - 2*m = 44. Suppose 4*p = a + 2. What are the prime factors of p?
2
Let k = 16 - -24. List the prime factors of k.
2, 5
Let o(m) = -2*m**2 + 81. What are the prime factors of o(0)?
3
Let s(h) = 50*h - 3. Let z be s(1). Let x = z - 28. List the prime factors of x.
19
What are the prime factors of (-109)/(-2) - 2/4?
2, 3
Suppose -5 = 4*o - 25. Suppose 3*p + 4*k = -p + 40, 2*p - 20 = o*k. List the prime factors of p.
2, 5
Suppose -321 = -3*c - 12. List the prime factors of c.
103
Suppose -2*t + 16 = -4*p - 4*t, p + 22 = -5*t. What are the prime factors of p - -19 - (1 - -2)?
2, 7
Let a(y) be the first derivative of 3*y**3 + y**2 - y + 1. Let r(u) = -u**3 - u**2 + 2*u + 1. Let j be r(-2). List the prime factors of a(j).
2, 5
Suppose 2*m = -1 - 1. What are the prime factors of (0/2)/m - -8?
2
List the prime factors of 21/(-35) + (-1164)/(-15).
7, 11
What are the prime factors of (2 - 2) + (-2 - -22)?
2, 5
Suppose -n = n + 4. Let h be 3 + -2 - 1 - n. Let a = h + 8. List the prime factors of a.
2, 5
Suppose 0 = -4*p + 3*p - 3. Let z = 11 + -6. List the prime factors of p/z*(-5)/1.
3
Let a be 15/9 - 3/(-9). What are the prime factors of (-1)/(-2) + 7/a?
2
Let o(l) be the third derivative of -1/24*l**4 + 0 - 7/6*l**3 + 0*l - 2*l**2. What are the prime factors of o(-11)?
2
Let x(p) = p**2 - 8*p + 3. Let d be x(5). List the prime factors of (2 + 15/d)*4.
3
Let m(i) = -i**2 + 8*i - 7. Let h be m(6). Suppose 0*a = -h*o - 2*a + 5, 3*a + 18 = o. What are the prime factors of (-8)/o*18/(-4)?
2, 3
Let j(o) = o**3 - 7*o**2 + 8*o - 3. Let a be j(6). Let z = 19 - 17. Let w = a - z. List the prime factors of w.
7
Let j be 34/(-8) + 6/(-8). List the prime factors of -48*(j + (7 - 3)).
2, 3
Let v(j) = 7*j + 1. Let b(f) = 14*f + 2. Let p(s) = 3*b(s) - 5*v(s). Let u be p(1). Suppose -3*c - 70 = -u*c. List the prime factors of c.
2, 7
Suppose 0*h - 368 = -4*j - 4*h, 4*j - 2*h - 380 = 0. What are the prime factors of j?
2, 47
Let a(w) = -2*w + 8. Let l be a(6). Let u(v) = -2*v + 5. What are the prime factors of u(l)?
13
Let i(m) = 2*m - 6. Let q be i(5). Let t(x) = -x + q*x**2 - 3*x**2 + 6*x**2. List the prime factors of t(-1).
2
Suppose 0 = -s + 3 + 2. Suppose x - 31 = -s. List the prime factors of x.
2, 13
Let c(x) = 8*x - 26. List the prime factors of c(8).
2, 19
Let n(m) = -1 + 2*m - 2*m + 24*m**3. List the prime factors of n(1).
23
Let h be 1/(-1*2/(-4)). Suppose b + 1 = 2*x, -h*x - 1 + 14 = -5*b. Let u = x + 5. What are the prime factors of u?
2
Suppose -12 = -0*i - 3*i. Suppose 3 + 12 = 3*b, 4*b + 20 = i*t. What are the prime factors of t?
2, 5
Suppose 0*h = -2*h + 2. Let p = -7 - -10. Suppose -p*s - h = 2*y, 3*y - y - 5 = -5*s. What are the prime factors of s?
3
Suppose -7 + 1 = -3*z. Let a(g) = 0*g**2 + 0 + z*g - 2 - 2*g